undreds digit of z(p)?
2
Suppose 0 = -0*u - 0*u - 3*u. Suppose -8*x + 258 + 46 = u. Suppose 0 = -y + 121 - x. What is the tens digit of y?
8
Suppose -93 = 6*c + 57. What is the units digit of c/(((-88)/504)/11)?
5
Let z = 8144 - 1540. What is the hundreds digit of z?
6
Let k(u) = 48*u + 14 + 47*u - 97*u. Let h be k(6). Suppose -h*b = -196 - 74. What is the hundreds digit of b?
1
Let n(u) = 113*u + 99. Let f be n(14). Let a = -731 + f. What is the hundreds digit of a?
9
Suppose m + 5*q = 1102 + 1226, -2*q = 5*m - 11686. What is the units digit of m*(-4)/(-40) - (-1)/5?
4
Let c(r) = 10*r**2 + 13*r - 5. Let z(f) = f - 44. Let v be z(39). What is the units digit of c(v)?
0
Let h = 275 + -272. Suppose 0 = h*y + 3*n - 804, 3*y + 2*n = 1318 - 519. What is the units digit of y?
3
Let s be (2/7)/(19/133). What is the tens digit of (15 + -17)/((-1046)/522 + s)?
2
Let k(t) = 3*t + 205 - 94 - 80. Let w be k(-9). Suppose 0 = -3*n - 4*l + 52, -w*n + 42 = -l - 21. What is the tens digit of n?
1
Let i(f) be the first derivative of -1/3*f**3 + 14 - 5*f - 19/2*f**2. What is the tens digit of i(-6)?
7
Suppose c - 3970 = -4*g, -5*c + 15015 + 4725 = -2*g. Suppose -2*n - c = -4*i - 0*n, -4*i + 4*n + 3960 = 0. What is the units digit of i?
5
Let l be (-820)/(-36) + 2/9. Suppose -38*v - l = -37*v. Let o = -22 - v. What is the units digit of o?
1
What is the hundreds digit of (-4618683)/(-772)*(-8)/(-6)?
9
Suppose 4*y - 592 = 4*b, 6*y = 2*y + 4. What is the hundreds digit of b/(4/(-4 + -12))?
5
Let j(b) = 16*b**3 - 2*b**2 - b + 1. Let a be j(3). Let x = -229 + a. What is the hundreds digit of x?
1
Let p be ((-1412)/(-20) + 7)*5/2. Suppose -18*a + 310 = -p. What is the units digit of a?
8
Suppose 4*t - 2 = 10. Suppose t*l = -9 + 33. Suppose 0 = -u + l*u - 847. What is the hundreds digit of u?
1
What is the hundreds digit of (-8)/4 + -2 + 2531?
5
Suppose 2*m - v = 12, -5*m - 4*v + 21 = -2*v. Suppose 250 = 4*y + 5*k, 4*y - 5*y + 50 = -m*k. Suppose -20 + y = b. What is the units digit of b?
0
Let v be ((-48)/30)/(1/(-5)*2). Let b(r) be the first derivative of r**4/4 - 2*r**3/3 - r**2 - 5*r - 2. What is the units digit of b(v)?
9
Let m(f) = -f**3 - 13*f**2 + 30*f + 21. Let c be m(-15). Suppose 18*q = c*q - 1470. What is the units digit of q?
0
Let l(d) = 9*d + 93. Let u be l(-17). Let f = u - -615. What is the tens digit of f?
5
Let x be -1*1*(0/(-1) - 0). Suppose x*j - 27 = -3*j. What is the tens digit of (-745)/(-7) - j/21?
0
Let s = -5816 + 17845. What is the ten thousands digit of s?
1
Let w be 2/12 - (-730)/(-60). What is the hundreds digit of 6438/30 - w/(-20)?
2
Suppose -3*m - 8 - 17 = -2*i, 3*i = 3*m + 30. Suppose -2*w = -8, -12*w + 4827 = i*a - 14*w. What is the units digit of a?
7
Suppose -4*v = -5*q + 50688 + 33356, 5*v = 4*q - 67237. What is the thousands digit of q?
6
Let t = -848 - -1334. Suppose 5*o = -2*c + t, 4*c - 5*o = 1321 - 319. Let n = c - 134. What is the hundreds digit of n?
1
Let b = -1757 + 5528. What is the units digit of b?
1
Suppose n = 5*a + 25, -a - 29 = -10*n + 5*n. Suppose -5*l - 21*d = -20*d - 5764, n = -5*d. What is the hundreds digit of l?
1
Suppose 0 = -3*a + 2*b + 459, a + 149 = 2*a - 2*b. Let s = a + -78. What is the units digit of s + (6/3 - (4 + -2))?
7
Let n = 56 - 56. Suppose i + n*i = -i. Suppose -b + i*w + 213 = w, 4*b + 3*w = 848. What is the units digit of b?
9
Suppose -48*z - 13147 = -44329 - 177090. What is the hundreds digit of z?
3
Let w(n) = -n**3 - 5*n**2 - 25*n - 410. What is the thousands digit of w(-22)?
8
Let n(l) = 6 - l**2 + 12*l + 0*l**2 - 16 - 38*l. Let s be n(-15). Let f = 295 - s. What is the hundreds digit of f?
1
Let u = -739 + 2283. What is the thousands digit of u?
1
Let f(k) = 388*k**3 - 16*k**2 + 35*k + 1. What is the ten thousands digit of f(3)?
1
Let j(f) = 41*f**3 - 10*f**2 + 118*f + 76. What is the thousands digit of j(10)?
1
Let v(x) = -2*x**3 - 5*x**2 + 36*x + 249. What is the thousands digit of v(-16)?
6
Suppose -c + 354 = 2*g + g, 0 = 2*c - 3*g - 744. Suppose -5*r - 5*o + 840 = 0, -r + c = r - 4*o. Let j = r + -87. What is the units digit of j?
6
Let v be 4/1 + (-5 - (-145 - 3)). Suppose -v*u = -149*u + 880. What is the tens digit of u?
4
Let t be (-1)/5*3*-10. Let h(y) = -3*y**2 + 18*y + 4. Let o be h(t). Suppose -j + q + o = 0, 0*q + 10 = 2*q. What is the units digit of j?
9
Suppose -3*q - 1886 = -5*y, -5*q - y - 2*y - 3132 = 0. Let v = -361 - q. What is the tens digit of v?
6
Suppose 0 = 58*i - 291780 - 159033 - 24149. What is the units digit of i?
9
Let l(s) = 6*s - s - 8*s + 39 - s. Let p be l(9). What is the tens digit of (16/(-4) + -23)*(2 - p)?
2
Let f be (12/(-2))/(6*(-2)/8). Let d be -4*f/(-32)*0. Suppose -3*k - k + 536 = d. What is the hundreds digit of k?
1
Let q be 24/60 - 24/(-15). Let r = 0 + 3. Suppose 528 = q*w - 7*c + 3*c, -w = -r*c - 263. What is the units digit of w?
6
Suppose 31*z - 26*z = 10. Suppose -4 = -2*x, -z*x = 3*i - 3*x + 266. Let d = -65 - i. What is the units digit of d?
3
Let k(w) = -4*w - 8. Let i be k(-8). Suppose i*a - 19*a + 50 = 0. What is the units digit of ((-8)/a*-71)/((-2)/10)?
4
Let l(z) = -9*z + 47. Let q be l(5). Let x(m) = -20*m + 4. Let g be x(-8). Suppose 0 = q*d - 0*w + w - 164, -2*d + g = -w. What is the tens digit of d?
8
Let c be 18/9 - -6303 - -4. Suppose 4*v - c = 27. What is the thousands digit of v?
1
Suppose -5*t + 23388 = 4*r - 8845, -r = -5*t - 8077. What is the hundreds digit of r?
0
Suppose -84 + 399 = -7*z. Let n = 20 + z. Let d = 10 - n. What is the units digit of d?
5
Let s be (-367)/10*-22 + 2/(-5). Let a = 1307 - s. What is the hundreds digit of a?
5
What is the thousands digit of (-17541)/(-2) + (3 - ((-45)/(-2))/15)?
8
Let p = 1953 + 10080. What is the units digit of p?
3
Suppose -75*i = 682603 - 2024953. What is the tens digit of i?
9
Suppose -86*t + 1042999 = 665476 - 1103999. What is the tens digit of t?
2
Suppose -3*o = -2*z + 3182, z - 1580 = -0*z - 4*o. Let l = z - 1033. What is the units digit of l?
5
Let k(l) = l + 6. Let r be k(-8). Let f be (1 - -1)*(-2 + (-9)/r). Suppose 0 = 5*i + f*q + 133 - 568, 3*q + 15 = 0. What is the tens digit of i?
9
Let g(w) = -194*w + 70. Let r be g(-7). Suppose r = -6*a + 10*a. What is the hundreds digit of a?
3
Let n(o) = 4*o**3 - 7*o**3 + 40*o**2 + 11*o - 4 + 1 + 6*o**2. What is the units digit of n(15)?
7
Let z be 1 - (3 + -1)/2. Suppose 7*l - 369 - 492 = z. Let k = l - 87. What is the tens digit of k?
3
Let c(z) = 6872*z**2 - 132*z + 260. What is the ten thousands digit of c(2)?
2
Let m = -1162 - -7197. What is the tens digit of m?
3
Let a = 53 + -48. Let r(z) = z**3 + 11*z**2 - 6*z - 3. What is the tens digit of r(a)?
6
Suppose -2*h + 5*c + 150158 - 50032 = 0, 3*h - 3*c = 150225. What is the tens digit of h?
8
Suppose 46688*y - 76400 = 46680*y. What is the tens digit of y?
5
Let h(g) = 404*g**3 - 3*g**2 + 28*g - 92. What is the tens digit of h(3)?
7
Let i = 14 - 13. Let o(s) = 3*s**2 - 5*s + 4. Let v be o(i). Suppose 2 = v*t, 5*t + 313 = 2*a - 6. What is the tens digit of a?
6
Let z = 55095 + -3041. What is the hundreds digit of z?
0
Suppose -14*k + 16*k = 6. Let a(z) = 28*z**3 + 3*z**2 - z - 6. What is the hundreds digit of a(k)?
7
Suppose 12 = 129*l - 130*l. Let g be ((658/21)/(2/l))/(-1). Suppose -2*m = -6*m + g. What is the units digit of m?
7
Let l(n) be the second derivative of 3*n**5/20 - 7*n**4/12 - 2*n**3/3 - n**2/2 + 63*n. What is the units digit of l(6)?
1
Let p = 6729 + -6317. What is the hundreds digit of p?
4
Let q(a) be the third derivative of 8*a**2 - 7/12*a**4 + 0*a - 2*a**3 + 0. What is the units digit of q(-5)?
8
Let p = 49227 + -36734. What is the hundreds digit of p?
4
Suppose 63 = -8*d - 33. Let j(b) = -b**3 - 11*b**2 + 8*b - 17. Let n be j(d). Let r = n + 79. What is the units digit of r?
0
What is the hundreds digit of 50/975 - 30207024/(-702)?
0
Suppose 4*h = 4*j - 8, -2*h + 5*j - 20 + 1 = 0. Suppose h*d = 2*d - 142. What is the units digit of -4 + d/(-4 + 3)?
8
Let u = -2099 + 904. What is the tens digit of u*(6/(-15) + 0)?
7
Let z be -1*(0 + -3)*(-17)/3. Let h(x) = x**2 + 35. Let k be h(z). Suppose k = -2*l + 4*l. What is the hundreds digit of l?
1
Suppose 5*g - 34 - 36 = 0. Suppose 2*t = -5*t + g. Suppose -7*s = -9*s - t*i + 314, -773 = -5*s + i. What is 